t is the tens digit of w?
7
Suppose 5*q = 10, -12 = -5*l - 5*q + 4*q. Suppose l*n + 53 = 361. What is the units digit of n?
4
Suppose -2*l = 6*l - 16. Suppose 3*o = 3*h + 39, -l = h - 3. What is the tens digit of o?
1
Let w(r) = 4*r + 2. Let p(t) = 5*t + 3. Let g(v) = -v**2 + 5*v - 2. Let n be g(3). Let m(f) = n*p(f) - 6*w(f). What is the units digit of m(-1)?
4
Let k = 158 - 147. Let g(h) = 2*h - h + 0*h + 10. What is the units digit of g(k)?
1
Let h(u) = -4*u - 39. Let k be h(-13). Suppose -j + q = -k - 19, 2*q = j - 32. What is the units digit of j?
2
Suppose 2*y - 2*f = -42 - 16, y - 2*f + 32 = 0. Let j = -355 - -409. Let r = j + y. What is the tens digit of r?
2
What is the tens digit of 702/(-65)*(-1425)/10?
3
Let y(z) = -12*z - 4. Let w = 82 - 94. What is the hundreds digit of y(w)?
1
Let u(a) = -366*a - 9. What is the units digit of u(-1)?
7
Let k(q) = 27*q**2 - q. Let c be (-12)/8 + 2/4. Let o be k(c). Suppose -5*w + 70 = 4*t, -w - o = -3*w - 5*t. What is the tens digit of w?
1
Let u be ((-12)/2)/(-2) + -13. What is the units digit of (-5)/u*-4 + 58?
6
Suppose -12*t + 21 = -27. Let m be 3/6*-2 + 70. Suppose q + m = t*q. What is the tens digit of q?
2
What is the hundreds digit of (4/(-8))/((-6)/(-744))*-25?
5
Let m = 13 + -13. Suppose -4*o + 9 + 7 = m. Suppose -2*g + 3*k - 18 = -52, 0 = o*g + k - 68. What is the units digit of g?
7
Suppose -4*d - 28 = -4*h + 24, -d = -3*h + 45. What is the tens digit of h?
1
Let r(m) = 55*m - 124. What is the units digit of r(14)?
6
Suppose g = 5*p + 20, 2*g - p + 2 = 3*g. Let t = -6 + 8. Suppose t*j - 3*d = 24, -g*j = 5*d - 1 - 84. What is the tens digit of j?
1
Let c(d) be the first derivative of d**3/3 + 2*d**2 + 5*d + 12. What is the tens digit of c(-6)?
1
Suppose -3*z + 3*m + 195 = 0, 4*m = -3*z + m + 177. Suppose g = r - 35, 3*g + 109 = 5*r - z. Suppose 5 = 2*t - r. What is the tens digit of t?
1
Let b = 38 - 33. Suppose -37 = -b*n + 388. What is the units digit of n?
5
Suppose -2*n = 5*r - 10239, 3*n - 825 = r - 2866. What is the thousands digit of r?
2
Let f(z) = -10*z**3 - 4*z**2 + z + 7. Let l be f(-3). Suppose 4*w + 0*w = -5*h + 204, -2*h + l = 5*w. What is the tens digit of w?
4
Let m = 3131 - 1315. What is the tens digit of m?
1
Let i = -62 - -89. Let w = -7 + i. Suppose 7*z = 2*z + w. What is the units digit of z?
4
Let l(w) = 69*w + 325. What is the units digit of l(6)?
9
Suppose 367 = 5*j - 2*w - 263, -3*w = -3*j + 387. What is the units digit of j?
4
Suppose 2*a + 17 - 7 = 0. What is the tens digit of 0 + 0 - 105/a?
2
Suppose 4*u = 3*o + 3529, 2*u - 3*o + 181 - 1944 = 0. What is the units digit of u?
3
Suppose 2*n = -0*n. Suppose n*d - 2*d + 450 = 0. Suppose 3*f + d = 8*f. What is the tens digit of f?
4
Suppose 15*c + 27 = 342. Suppose 20*i + 243 = c*i. What is the tens digit of i?
4
What is the tens digit of (2 - 28/12)*(-483 + -6)?
6
Let j = 464 + -160. What is the units digit of -5*(j/(-10))/4?
8
Suppose 10*h = 7*h + 1203. Let g = -200 + h. Let x = g + -135. What is the tens digit of x?
6
Suppose -u - 5 = -15. Suppose -d + 4*d - 5*n = 25, u = -5*n. Suppose 2*f - v = 9, -2*f - 1 = -2*v - d. What is the units digit of f?
7
Let l(g) = -g**3 - 20*g**2 + 11*g - 24. Let u(x) = 2*x + 3. Let y be u(-12). Let h be l(y). What is the units digit of (-32)/(-80) + h/10?
9
Let x(l) = -l**2 - 16*l - 14. Let o be x(-15). What is the units digit of o + (-852)/(-7) + (-56)/(-196)?
3
Suppose -9*o - 4*o = -7566. What is the units digit of o?
2
Let h(t) = 41*t**2 + 2. What is the hundreds digit of h(-4)?
6
Let l(h) = 2*h**2 - 6*h + 4. What is the tens digit of l(-3)?
4
Let a be (-1)/(-3 - (-7 + 3)). What is the tens digit of 169 + 1 - a - -4?
7
Suppose -4*h = -2*x + 16, -3*h - 4*x + 0*x = 1. Let o be -2*h/(24/(-52)). Let g = o + 36. What is the tens digit of g?
2
Let j(n) = -3*n**2 + 3*n + 5. Let d(w) = w**3 - 5*w**2 + 7*w + 11. Let z(l) = -2*d(l) + 5*j(l). What is the tens digit of z(-4)?
4
Suppose 67*v + 1244 = 68*v. What is the tens digit of v?
4
What is the thousands digit of ((-164960)/(-30))/16*9?
3
Let a = 57 + -43. Suppose 0*v - a*v + 1302 = 0. What is the units digit of v?
3
Let l be (-8)/20*5 + (-246)/(-1). Suppose -6*j = -l - 338. What is the tens digit of j?
9
Suppose q = 2*b - q - 4, b + 2*q = -10. What is the tens digit of 18 + -16 + (-24)/b?
1
Let g(p) = 137*p**2 + 13*p + 8. Let q(a) = 34*a**2 + 3*a + 2. Let o(b) = -2*g(b) + 9*q(b). Let n be o(-2). Suppose 0 = 5*w - w - n. What is the tens digit of w?
3
Suppose 0*s = 3*s - 9. Suppose -s*m = -i - 0*i + 2, 3*m = 0. Suppose -3*b + 2*k + 92 = i*b, -3*b - k + 64 = 0. What is the tens digit of b?
2
Suppose -88*q = -83*q - 990. What is the hundreds digit of q?
1
Suppose 2*z = 5*g - 4432, -g + z = 65 - 952. What is the hundreds digit of g?
8
Let v = -638 - -1019. What is the hundreds digit of v?
3
Let y(g) = -g**3 + 18*g + 46. What is the hundreds digit of y(-10)?
8
Let p(d) = d**3 - 8*d**2 + 10*d - 10. Let g be 120/18 - 2/(-6). Let z be p(g). Suppose -4*f + z + 1 = 0. What is the units digit of f?
3
Let n = -4 - 1. Let r be 15/n*(0 - 1). Suppose -2*a = r*a - 25. What is the units digit of a?
5
Let i be 2/((-2)/1) + 10. Let t = i - -88. What is the units digit of t?
7
Let l = 58 - 56. Suppose -4*w + 142 = -3*w + 5*k, 319 = l*w + 3*k. What is the units digit of w?
7
Let o = 33 + -57. Let c = o + 22. What is the tens digit of (-1)/(c*(-2)/(-124))?
3
Suppose 0*w - 12 = -4*w. Suppose 0 = -2*j - j + 276. Suppose 7*n = w*n + j. What is the units digit of n?
3
Let c(z) = 219*z**3 + z**2 + 2*z - 2. Suppose 0 = -4*g + 2*x, 5*g - 16 = -5*x - 1. What is the units digit of c(g)?
0
Suppose 4*f = 7*f. Suppose -3*r - 97 = -5*q + 8, -5*q - r + 105 = f. What is the units digit of (-330)/(-9) - 14/q?
6
Let h = 4 - 0. Suppose -f = -h*y + 43, 1 = y - 0*f + 3*f. What is the tens digit of (y/(-15))/((-4)/174)?
2
Let b = -36 - -14. Let o = 58 + b. What is the units digit of o?
6
Suppose -h - 2*k - 7 = 71, -2*k + 180 = -2*h. Let v = h - -169. What is the tens digit of v/3 - 3/(-9)?
2
Let u(n) be the first derivative of 233*n**3/3 - 3*n**2/2 + 5*n - 15. What is the tens digit of u(1)?
3
Suppose 3*o - 19*y + 21*y = 1266, y - 845 = -2*o. What is the tens digit of o?
2
What is the hundreds digit of (109492/(-155))/(2/(-15))?
2
Suppose -4*b + 5*g - 19 = -2, 3*b + 4*g - 26 = 0. Suppose -b*y + 26 = -0*y + 3*s, -3*y + s = -17. Suppose 22 - y = 5*z. What is the units digit of z?
3
Suppose -5*p + 5*b + 30 = b, p - 7 = b. Suppose -p*v + 0 - 2 = 0, 0 = 5*y - v - 16. What is the units digit of 1*(5 - y)/2?
1
Suppose -73*p + 34*p = -124800. What is the hundreds digit of p?
2
Let k = 14 + 84. Let w be (k/4)/((-2)/(-4)). Let x = w - -18. What is the tens digit of x?
6
Suppose l - 6 = -l. Suppose 3*i + 145 = 2*u, -l*i - 12 = i. What is the tens digit of u?
6
Suppose 3*n - 2074 = 4*d, 9*d + 10 = 14*d. What is the tens digit of n?
9
Suppose 0 = 5*q - 15, 4*t + 2*q = -3*q - 13. Let y(b) = 8*b**2 + 21*b - 4. What is the units digit of y(t)?
1
Let r(d) = -d**3 - 8*d**2 + 7*d + 3. Let y be r(-9). Let s be (-16)/6*y/(-28). Suppose 3*i + 3*u - 117 = -6, -5*u = s*i - 74. What is the tens digit of i?
3
Let f(n) = 8*n + n + 3 + 0*n + 1 - n**2. Let a be f(9). Suppose -2*p = a*v - 18 - 8, -4*p - 5*v + 40 = 0. What is the units digit of p?
5
Let c be (-1 - 239)*9/(252/(-35)). Suppose a + 2*k - 100 = 3*k, -k = -3*a + c. What is the units digit of a?
0
Suppose 0 = 10*v - 7*v - 9. Suppose 0 = 2*j + u - 138, u - 11 = v*j - 228. What is the units digit of j?
1
What is the units digit of (0 + 3)*(-4076)/(-12)?
9
Let k(w) = 248*w + 1. Suppose -197*t + 1 = -196*t. What is the tens digit of k(t)?
4
Let b(a) = 3*a**2 - 2*a - 5. Let z be b(3). What is the units digit of 18/(-4)*z/(-12)?
6
Let j(v) = 7*v + 13. Let r be j(-4). Let d(x) = -7*x + 12. What is the units digit of d(r)?
7
Suppose -1611 = -7*z + 1028. What is the units digit of z?
7
Let f(g) = -9*g**2 - 4*g - 4. Let b(h) = h**3 + 10*h**2 + 5*h + 5. Let s(k) = -3*b(k) - 4*f(k). What is the hundreds digit of s(-3)?
1
Let c = -20 + 20. Suppose c = -3*v + 8*v + 585. What is the tens digit of 5/(15/v)*-1?
3
Suppose 5 + 3 = 2*r. Suppose -4*c + 16 - r = 0. Suppose c*i - 130 = -2*i. What is the tens digit of i?
2
Let a(k) = -k**3 - 10*k**2 - 8*k + 24. Wha